 - (-11 + -5) - (6 + (-2 - -3))
25
What is (-6 - -8) + 5 + -11?
-4
Evaluate -6 - (4 - (0 - -4) - (3 - 0)).
-3
Evaluate 15 + (-19 - 1) - (1 + 9).
-15
Calculate (24 - 10) + (-2 - 0) + (-17 - -10).
5
Evaluate (12 - 1) + 3 - 26.
-12
Evaluate -348 + 320 + 1 + -1 + (-7 - -10).
-25
-14 + (-8 - 4) + 51 - (-3 + 5)
23
What is the value of 8 + (-11 + 4 - -3) + 4?
8
Calculate -19 + (41 - 18 - 9).
-5
What is the value of 23 + -15 + 12 + -41 + -3 + 9?
-15
Calculate 2 + -12 - -23 - (-31 - -18).
26
What is 1 + -20 + -1 + 6 + 3 + -7?
-18
What is (5 - (-3 + (4 - -7))) + 12?
9
What is -11 + -1 + -5 + 6?
-11
What is -6 + 0 + (5 - (3 + 2)) + 29?
23
(-32 - -14) + 1 + -4 + 8
-13
Calculate (57 - (71 - 60)) + (-15 - 1).
30
Evaluate -33 + 27 - (-4 + 3 + -3).
-2
Evaluate (11 + (8 - 12) - -2) + (11 - 6).
14
Evaluate -10 - (-20 - (-6 + -2)) - (20 + 2).
-20
Calculate 2108 + -2115 + (1 + -2 - -30).
22
Calculate (5 + -18 - (21 - 24)) + -13.
-23
Calculate 20 - (13 + -28 - -27).
8
What is the value of 0 + 8 + (37 - (20 - -14))?
11
What is the value of (9 - (1 + -6)) + -12 + 3?
5
Evaluate (-11 - 5 - -10) + (5 - -3 - -1).
3
Evaluate 2 - (0 + 2 + -1) - -5.
6
What is 1 - 39 - (-1 - (47 - 42))?
-32
What is 1 + -2 - (43 - 33) - -15?
4
Calculate 4 + -2 - (-9 + 21 + 0 + 3).
-13
What is -2 + -8 + 4 - (5 - (11 + 2))?
2
4 + (-10 + 3 - -9) - 12
-6
What is the value of 3 + 21 + -2 - (23 + -12)?
11
0 + -2 - (22 + -22 - 8)
6
Calculate (-87 - -62) + 36 - (1 + -7).
17
What is 1 - (11 - -25 - 54)?
19
Evaluate (39 - 47) + 24 + 0 + -1.
15
Evaluate 7 + (-14 - -7) + 8 + 1.
9
Evaluate (-26 - (-4 + -31)) + 4 + 1 + 0.
14
(5 - (6 + 0)) + 2 - (0 - 2)
3
4 - 6 - (65 - 81)
14
Calculate 3 + 23 + -9 + -8 + 13.
22
What is 969 + -945 - (36 + 1)?
-13
What is 73 + (-56 - 44) + 9 + (0 - 1)?
-19
Calculate (12 - 5 - 8 - -1) + 0 + -7.
-7
(-18 - -13) + 3 + -8 - -8
-2
What is the value of (331 - 318) + (9 - (0 + 0))?
22
Calculate (-13 - 0) + -363 + 355.
-21
Calculate -5 + 1 - (-1 + 12 - (-102 - -126)).
9
What is (30 - 24) + -40 - -30?
-4
What is 2 + 1 + 10 + -4 + (0 - 23)?
-14
Evaluate -3 - (18 + -24 + (-1 - 1)).
5
Evaluate 3 + (3 - 1) - (16 - (35 - 12)).
12
Calculate -3 + 14 + (36 - 38 - -15).
24
Evaluate -8 - -14 - (0 + -10 - -17).
-1
What is -4 + (7 + -10 - -3 - (-4 + -3))?
3
What is the value of (85 - (-6 - -41)) + -19?
31
Calculate 2 + (-10 - (17 + -28)).
3
What is -3 + -2 + 10 - (19 - 6 - 14)?
6
(342 + -339 - (1 + 0 + -1)) + 7
10
What is -5 - (-8 - (-8 - (31 + -6)) - 6)?
-24
What is the value of -19 - (6 + -1 + 8 + -4 + -8)?
-20
11 - -1 - (51 - (50 + -31))
-20
What is 60 + (-59 - 7) + 29?
23
What is -14 + (29 - 8) + -7 + 1?
1
Evaluate 8 + -7 + -1 + (0 - 0) + 0.
0
What is 9 - (14 + -3) - -5 - (6 - -1)?
-4
Evaluate -15 + 5 + 3 + 0 + 9.
2
-16 - -55 - 18 - -9 - 0
30
What is the value of (5 - 3) + 14 + (-1 - -16 - 11)?
20
Evaluate (-4 - -19) + 10 + -10 + 4.
19
Calculate -73 + (-33 - -97) + -1 + 12.
2
What is 10 + (-6 + 15 - (6 - -12)) - -4?
5
What is the value of (8 - 11 - (-28 - -24)) + 11?
12
What is the value of -10 - 0 - (-120 - -111) - 20?
-21
0 + 2 + 63 + (-75 - -31)
21
-1 - (-1 - 4) - (-167 - -173) - 2
-4
Calculate -12 + -11 + 36 + -10 - 9.
-6
Calculate 2 - 2 - (-11 + -8 + 13).
6
What is 3 + 2 - (-1 + 0) - (21 + 2)?
-17
5 + 13 + -9 - 34
-25
Calculate 6 + -6 + -4 + (0 - (-12 - -6)).
2
What is the value of -3 - (-4 - (-6 - -2)) - (-16 + 12)?
1
Evaluate -38 + 37 + -8 + (21 - (-1 - -1)).
12
What is the value of (2 - (4 - 4) - -4) + (12 - 19)?
-1
Evaluate 10 - (17 + 3 + -7).
-3
What is the value of -1 + -1 + (-9 - -6) + 4 - -11?
10
Calculate (-22 - -56) + -41 + 1 + 17.
11
What is (-434 - -471) + (2 - 64)?
-25
What is the value of 11 + -5 + 4 + -8 + 1?
3
(-27 - -34) + -25 + 0
-18
Evaluate (2 - 5) + 7 - (4 + 10 + -2).
-8
-8 + (-1 - -1 - 0) - (-1286 - -1294)
-16
What is (9 - -5) + (14 - 36)?
-8
Evaluate (13 - -3 - (-10 - -15)) + -9.
2
Evaluate 15 + (-23 - -2 - -18).
12
What is the value of 3 + (4 + 2 - 7) + 0 + -3?
-1
What is 2 - (4 + -4 + 3) - (5 + 5)?
-11
-12 + 20 + -17 - 2
-11
(17 - 38) + 7 + -1 + (10 - 2)
-7
Evaluate -8 + 6 + -8 + 1 + -3.
-12
Calculate (3 - (8 + 1 - (-4 - -13))) + 27.
30
Evaluate ((2 - -3) + (-10 - -7) - 5) + 4.
1
What is -10 + 0 + 99 + -107 + 2?
-16
Evaluate (-4 + 1 - 11 - (2 - 2)) + 5.
-9
What is 6 + 2 - (2 + (-27 - -11) + 21)?
1
Calculate 10 - (-1 - 0) - (-7 + 24 - -20).
-26
Evaluate -14 + 0 + 23 + -12.
-3
Evaluate 9 + (11 - -1) + -146 + 119.
-6
Evaluate -66 + 76 + -7 - (5 - 1).
-1
What is 7 + 1 + (13 - 15) + -14?
-8
Evaluate -149 + 158 + -10 + -2 + 4.
1
30 + 19 + (-10 - 44) - (0 + -30)
25
Evaluate (2 - -15) + 3 + 0 + -2 - 1.
17
Calculate 14 - (21 - (18 - 13)) - 10.
-12
Calculate 8 + (-8 - -7) + -5 - -4.
6
What is (21 - (41 - 20)) + 5 + 10?
15
What is 3 - ((44 - 32) + (-2 - 2) + -30)?
25
What is 9 + (5 - 13) + 6?
7
Evaluate -6 + 6 + -7 + -4.
-11
14 + 15 + -30 + (16 - -2)
17
What is (-5 - -1 - (-36 - -34)) + 10 + 12?
20
What is 5 + (6 - (-16 + 38))?
-11
Evaluate 14 - -5 - 25 - (-1 - 7) - 11.
-9
Evaluate 37 + (-12 - (14 - (-13 + 20))).
18
What is the value of -14 + 11 + -10 - -21 - -9?
17
Calculate -24 - (-31 - (-17 + 38)).
28
Calculate -9 - -1 - (-9 - -18 - 21).
4
Evaluate (-5 + 17 - 27 - -10) + 10 + 3.
8
2 - (5 - 4 - 4) - (11 + -7)
1
What is -15 - (-26 - (2 + -14))?
-1
Calculate -12 - (0 - (-1 + 13) - (-50 - -58)).
8
(5 - (-15 - -4 - -12)) + 9
13
What is -474 + 487 + (1 - -4)?
18
Calculate (1 - (-1 - 5)) + 0 + -2 - -3.
8
(39 - 67) + -9 + 51
14
What is (13 - 4) + (-30 - (-13 + 15)) + -1?
-24
(-5 - (-4 - -2) - -8) + -7
-2
What is the value of (18 - (2 - -5) - -14) + -2?
23
What is 7 - (1 + -9 + (3 - -1))?
11
Calculate -3 - ((-15 - -11) + -12).
13
Calculate (15 - -2) + -10 + -14 + (2 - 3).
-8
Calculate 18 - (26 + -22 + 11).
3
What is the value of 7 + 5 + (4 - 13 - -3)?
6
What is -42 + 48 + 3 + -1 - (6 + 1)?
1
Evaluate 3 + 1 + -1 + (-22 - -11).
-8
Calculate -2 + (2 - (0 - 1) - 9).
-8
Evaluate (6 - (-10 - -10)) + (-9 - (-7 - 7)).
11
What is 501 - 488 - (-6 + -1 + 3)?
17
What is the value of -2 - -4 - 8 - -18 - 8?
4
What is the value of (-4 + 8 + (-7 - -6) - 3) + -11?
-11
What is the value of -23 - ((-11 - 4) + -21)?
13
Calculate (7 + -3 + 1 - 1) + -5 + 3.
2
What is the value of 36 - (-47 + 22 + 55)?
6
Evaluate -10 - (-10 - -4 - (-15 - -2)).
-17
Evaluate 1 + 0 - ((25 - 25) + 0).
1
Evaluate -5 + 5 + -15 + 1 - (-2 + 0).
-12
-17 + (-16 - -13 - -12)
-8
Evaluate 8 - (-8 - -13) - (-1 + 0 - 3).
7
0 + 4 + -2 + 20 + (-12 - -6)
16
Calculate 0 - -8 - 9 - (4 + -5 + 6).
-6
Calculate 7 + -1 + 0 + -9.
-3
What is the value of -22 - (18 - (14 - -10))?
-16
-14 - -14 - (23 + -15)
-8
Calculate -25 - -12 - (-1 - 21).
9
What is the value of 21 + (-17 - (-4 + (-9 - 1)))?
18
-5 + (0 - -4) + -7 - (-1 + 5)
-12
What is the value of (-2 - -11) + 0 + (-8 - 7)?
-6
What is the value of 2 - (-2 + (5 + 2 - 2) - 8)?
7
What is -13 - 0 - (72 - 83)?
-2
Calculate 4 - (12 + -48 + 17).
23
What is -201 + 199 + (-1 - 11)?
-14
-64 + 52 - ((-4 - (9 + -4)) + 3)
-6
What is the value of -29 + (53 - 32) - -27?
19
Calculate 13 + (14 - (24 - 17)).
20
Calculate -6 - ((-23 - ((7 - 1) + 2)) + 7).
18
10 + -13 + 0 + 1 + -1
-3
What is (-3 - -18) + (-131 - -119)?
3
Calculate 27 + -25 - (-1 - -3 - (0 - -8)).
8
16 + -5 + (0 - (7 - 17))
21
What is the value of 12 + -4 + (-7 - (7 - (-2 - -13)))?
5
Calculate 12 - (4 - -3) - (12 + (19 - 4)).
-22
(-5 - -6) + 12 - 9
4
Calculate -6 - (1 + (-25 - 3 - -5)).
16
What is the value of 15 + (-37 - -26) + (3 - (-3 - -4))?
6
What is the value of (38 - 0) + (-15 - ((1 - -6) + -12))?
28
What is the value of -16 - (-12 + -12 - -8)?
0
(24 - 10) + 1 + 16 + -11
20
Calculate 22 + (-30 - -43) - (-1 + 12).
24
Calculate (-12 - (17 - 39)) + 1 + -20.
-9
Evaluate (29 - 14 - 6) + -3 + 0.
6
What is the value of (8 - 4) + (42 - 44 - (-4 + -1))?
7
Evaluate -15 + (9 - 9) - 2.
-17
Evaluate -5 + -11 + 18 - -12.
14
What is the value of 16 + 2 + -14 - 15?
-11
Calculate (4 - -9) + -10 + 3.
6
What is the value of 0 - 3 - 0 - (23 + -26 + 0)?
0
Calculate 7 + (17 - 18) + -15.
-9
What is (23 - 2) + -5 - 19?
-3
-3 + (9 - (5 - 2))
3
What is the value of -15 + -9 + (26 - -1) - (-10 - 1)?
14
What is the value of -1 + (3 - 1) + (15 - (45 + -17))?
-12
What is 4 + (-4 - (-8 + 7 + 4)) + 2?
-1
Calculate -9 + 28 + 1 + -44.
-24
What is the value of (2 - -14